73 and 33?
33
What is the highest common divisor of 20594 and 1792?
14
What is the highest common divisor of 553 and 34342?
7
Calculate the highest common factor of 2597 and 137859148.
2597
Calculate the highest common divisor of 3854387 and 3.
1
Calculate the highest common factor of 400883124 and 2088.
348
Calculate the highest common factor of 166 and 174632.
166
What is the greatest common divisor of 859754997 and 171?
171
What is the greatest common divisor of 1282997776 and 3358?
3358
What is the highest common divisor of 15 and 3174507?
3
Calculate the greatest common divisor of 10898 and 81021181.
5449
Calculate the greatest common divisor of 17235 and 160695.
45
Calculate the highest common factor of 843320 and 2954528.
5816
Calculate the greatest common divisor of 5640 and 10399314.
282
What is the highest common factor of 563892 and 903?
21
What is the highest common divisor of 3212802 and 18?
18
What is the greatest common factor of 2568905 and 15?
5
What is the greatest common factor of 26595 and 28470440?
985
Calculate the greatest common factor of 77071 and 1712730.
37
Calculate the highest common divisor of 501541 and 160430.
263
What is the highest common divisor of 44 and 589828228?
44
What is the highest common divisor of 145 and 208649461?
29
What is the greatest common factor of 33533519 and 283?
283
Calculate the greatest common divisor of 2575 and 13382069.
103
Calculate the highest common divisor of 21568 and 1042688.
64
Calculate the highest common divisor of 182189 and 12019.
119
Calculate the greatest common divisor of 95910 and 61994.
278
What is the greatest common divisor of 714 and 214488540?
42
Calculate the highest common divisor of 10634 and 13604158.
818
Calculate the highest common divisor of 50428 and 3.
1
What is the greatest common factor of 109156535 and 1095?
365
What is the greatest common factor of 1335296 and 28?
4
What is the greatest common factor of 53049013 and 347?
347
Calculate the highest common divisor of 7920 and 743600.
880
Calculate the greatest common divisor of 22214617 and 430.
43
What is the highest common factor of 1403 and 63843860?
23
Calculate the highest common divisor of 98333322 and 228.
114
What is the highest common divisor of 2331558 and 1188?
54
What is the greatest common factor of 126390 and 1023?
33
Calculate the greatest common factor of 3053 and 2176871431.
3053
What is the highest common factor of 1026 and 17187066?
54
Calculate the greatest common divisor of 28 and 738437.
7
What is the greatest common factor of 3354 and 2090058?
258
What is the greatest common divisor of 450 and 60852240?
90
Calculate the highest common factor of 176127875 and 77.
77
Calculate the greatest common factor of 4017092 and 16.
4
What is the greatest common divisor of 92 and 2633374512?
92
Calculate the greatest common divisor of 16413379 and 237201.
4651
What is the greatest common divisor of 5512058 and 274?
274
What is the highest common factor of 610105210 and 962?
962
Calculate the greatest common factor of 11702133 and 72.
9
Calculate the highest common divisor of 51613520 and 6845.
185
Calculate the greatest common divisor of 140851824 and 122096.
9392
What is the greatest common factor of 1133846 and 56?
14
Calculate the greatest common divisor of 204355 and 14720.
115
Calculate the highest common factor of 288 and 8240520.
24
What is the greatest common factor of 78199 and 15?
1
What is the highest common factor of 686 and 14373870?
14
Calculate the greatest common factor of 19695 and 2071447885.
6565
What is the highest common factor of 1480 and 51504?
296
What is the greatest common factor of 6488938963 and 7061?
7061
What is the highest common divisor of 22204657 and 205?
41
Calculate the highest common divisor of 7391055 and 78576.
4911
Calculate the greatest common factor of 19646 and 2158992.
1034
What is the greatest common factor of 1992747 and 6795?
453
What is the greatest common factor of 305 and 182365?
5
Calculate the greatest common factor of 37220565 and 4845.
255
What is the greatest common factor of 27050077 and 272?
17
What is the highest common divisor of 1923710 and 13630?
470
Calculate the greatest common divisor of 1404817194 and 369.
123
What is the greatest common factor of 44609 and 9641?
31
Calculate the highest common divisor of 5328 and 1028592.
144
What is the greatest common factor of 350 and 1250130700?
350
What is the greatest common divisor of 732 and 185497096?
244
Calculate the greatest common factor of 15 and 4925139.
3
What is the greatest common factor of 933964074 and 108?
54
Calculate the highest common divisor of 122295 and 596130.
465
What is the highest common factor of 48 and 118123464?
24
Calculate the highest common divisor of 99066 and 1539.
57
Calculate the highest common factor of 56747200 and 475600.
11600
Calculate the highest common divisor of 123813795 and 210.
105
What is the highest common divisor of 187861506 and 13986?
1554
What is the greatest common divisor of 45 and 21718728?
9
Calculate the greatest common divisor of 30026641 and 9301.
131
What is the highest common divisor of 1732209 and 246?
123
Calculate the greatest common divisor of 6890560 and 960.
320
What is the greatest common divisor of 5 and 44701405?
5
What is the greatest common divisor of 2692 and 216878288?
2692
What is the highest common divisor of 36575271 and 9?
9
What is the greatest common divisor of 50 and 18622325?
25
What is the greatest common divisor of 65076 and 54?
6
Calculate the greatest common factor of 63 and 504803565.
63
What is the greatest common factor of 130893 and 2579920?
1897
Calculate the greatest common factor of 854 and 3583140.
122
Calculate the greatest common factor of 310661 and 119899.
299
Calculate the greatest common divisor of 4491957 and 426.
213
What is the greatest common factor of 36975376 and 12848?
1168
What is the greatest common divisor of 1381466 and 218?
218
Calculate the highest common divisor of 213878 and 7658.
14
What is the highest common factor of 152 and 1524788?
76
Calculate the highest common divisor of 4 and 2344478.
2
Calculate the highest common divisor of 1735749 and 63.
9
What is the greatest common divisor of 46166086 and 7714?
1102
Calculate the highest common factor of 106933950 and 3600.
450
Calculate the greatest common divisor of 47452 and 3676.
4
What is the highest common divisor of 1131903 and 53072?
31
Calculate the highest common divisor of 37752648 and 2023.
289
What is the highest common divisor of 26032172 and 376?
188
What is the greatest common divisor of 11454 and 480072?
498
Calculate the highest common factor of 151 and 10847840.
151
Calculate the highest common factor of 66684814 and 7.
7
What is the highest common divisor of 281775 and 16419?
39
Calculate the greatest common factor of 215 and 1216300.
5
What is the greatest common factor of 8 and 208261580?
4
Calculate the greatest common divisor of 323171 and 10019.
233
Calculate the greatest common factor of 33280662 and 487728.
6774
Calculate the greatest common factor of 6552 and 465321402.
1638
Calculate the greatest common factor of 846 and 114624.
18
What is the highest common factor of 2950 and 12713910?
590
What is the greatest common factor of 27186363 and 6?
3
What is the highest common factor of 3016 and 52988104?
3016
What is the greatest common factor of 39934492 and 1066?
1066
What is the greatest common divisor of 3710088 and 2088?
72
Calculate the greatest common factor of 28045 and 250.
5
Calculate the greatest common divisor of 107405424 and 180.
36
What is the greatest common factor of 57254164 and 1122?
374
Calculate the highest common divisor of 1661146734 and 3198.
3198
Calculate the highest common divisor of 44613372 and 34.
34
What is the highest common divisor of 155690256 and 3392?
848
What is the highest common factor of 5640747 and 672?
21
Calculate the highest common divisor of 24178 and 611358.
3454
Calculate the greatest common factor of 480 and 4405200.
240
What is the greatest common factor of 18378696 and 168?
168
What is the highest common divisor of 32 and 183834832?
16
Calculate the greatest common divisor of 23776 and 554848.
32
What is the highest common divisor of 24 and 30023988?
